 0. Let v = -5 + a. Let i = v + 331. What is the units digit of i?
2
Let r be (52/10)/(96/20 - 5). Let l(v) = -v**2 - 2*v + 8. Let c be l(8). Let p = r - c. What is the tens digit of p?
4
Suppose -5*m + 45 = -160. Suppose 140 = -m*f + 45*f. What is the tens digit of f?
3
Suppose 0 = p + p - 208. Let d be p/(-10) + 4/10. Let m = d - -27. What is the tens digit of m?
1
What is the units digit of ((-4289985)/(-54))/5 - ((-5)/(-6) + -1)?
9
What is the thousands digit of 36/(-16) - (-10069280)/640?
5
Suppose 6*a - a + 70 = 0. Let m be 9*1*(-1 + a/(-7)). Suppose -m*l + 3104 = 7*l. What is the hundreds digit of l?
1
Let n(d) = -183*d + 6. Let i be n(1). Let q = i - -1211. What is the tens digit of q?
3
Suppose 337*k - 12 = 339*k. What is the units digit of -3 + 3 + k + 757?
1
Let a(h) = 13*h - 72. Let l be a(-6). Let k = l - -506. What is the tens digit of k?
5
Let o(n) = 2*n**2 + 14*n - 16. Let r be o(-8). Suppose r = -15*i + 9336 + 12504. What is the hundreds digit of i?
4
Let j be ((1 - 0) + -287)*(-93)/62. Suppose -5*h = 2*v - 439, j = 10*v - 8*v + 3*h. What is the hundreds digit of v?
2
Let m(p) = -23*p**2 - 9*p - 1. Let r be m(5). Let o = r - -653. What is the tens digit of o?
3
Suppose -775537 + 2379437 = 172*i. What is the thousands digit of i?
9
Let i(f) = 730*f**2 - 24*f + 291. What is the hundreds digit of i(-8)?
2
Let k = 19 + 30. Let b = -58 + k. What is the hundreds digit of b/((-36)/520) - 5?
1
Let f be (-100)/15*(-3)/2. Suppose -2*a - 1134 = 4*a. Let n = f - a. What is the tens digit of n?
9
Let j(i) = 2*i**2 - 3*i - 2. Let g be j(-1). Suppose 7*n - 2*n - 702 = -g*x, -3*n - 2*x + 422 = 0. What is the tens digit of n?
3
Let v = 38 + -42. What is the hundreds digit of ((-6)/v + 1)*7634/55?
3
Let u = -204 - -197. What is the thousands digit of (-8 - u) + 2/((-8)/(-4244))?
1
Let p(z) be the third derivative of z**4/6 + 37*z**3/6 + 38*z**2. What is the tens digit of p(-6)?
1
Let p = 9 + -8. What is the units digit of (1 - 0) + 37 + p?
9
Suppose -4*o + 969 = -5*q, 10*o - 8*o = -4*q + 452. Suppose -2*a - a - j - 202 = 0, -5*j + 263 = -4*a. Let p = o + a. What is the hundreds digit of p?
1
Let o(f) = 17 + 9*f**2 - 8*f - 6*f**2 - f**2. Let k be o(8). Suppose i - k + 5 = 0. What is the units digit of i?
6
Suppose 7*d - 10*f - 5978 = -14*f, 0 = -2*d + f + 1708. What is the units digit of d?
4
Let g(l) = 11*l - 29. Let o = -13 - -13. Let j be (1 - o)*13 + -2. What is the units digit of g(j)?
2
Suppose 0 = 7*w - 12*w - 5*o + 50640, 5*o = -3*w + 30374. Suppose 2511 + w = 29*c. What is the units digit of c?
6
Suppose -2*t = 10 - 2, 0 = 3*x + 5*t + 62. Let v(w) = w - 33. Let c(u) = -3*u + 67. Let y(b) = 6*c(b) + 13*v(b). What is the units digit of y(x)?
3
Suppose -4*w = 16, 159*w = 2*b + 160*w - 61418. What is the units digit of b?
1
Let n be 91*((-8)/4 + 3). What is the tens digit of 2/(-13) + 54705/n + 0?
0
Let r(c) = -c**3 - 10*c**2 - 6. Let k be r(-7). Let s = k + 141. What is the units digit of (-256)/64 - s/(-1 - -3)?
2
Suppose -3*g = 9, -60 - 72 = -3*c + g. Let p(k) = 28*k - 4. Let d be p(3). Let z = d - c. What is the units digit of z?
7
Let p(u) be the second derivative of 29*u**5/20 + u**3/2 - u**2 - 9*u. What is the units digit of p(1)?
0
Suppose 0 = 5*o + 3*j + 1915, -j - 2*j = 2*o + 775. Let h = o + 736. Suppose 6*m + 86 = h. What is the tens digit of m?
4
Let t = -96 + 99. Suppose -v + 181 = 5*q + 11, -t*v = 2*q - 458. What is the tens digit of v?
5
Suppose 227*r - 186*r = 7913. What is the hundreds digit of r?
1
Let d be -17 - -1 - (3 - 2). Let g(n) = -141*n - 1074. Let z be g(-8). Let m = z + d. What is the units digit of m?
7
Let a be (-301432)/64 - 4/(-128)*-4. What is the hundreds digit of (8/6)/(4 + a/1179)?
2
Let w(j) = j**3 + 3*j**2 - 40*j. Let u be w(-8). Suppose u = -0*m + m - 25. What is the units digit of ((-12)/(-15))/(10/m)*133?
6
Suppose 16720*r = 16674*r + 1804442. What is the tens digit of r?
2
Suppose -c = 2, 0*c - 294 = 4*w - c. Let p = 18 - w. Suppose z - 40 = -5*a, 0 = -4*z - 0*a - 3*a + p. What is the tens digit of z?
2
Suppose 20 = 5*l + 2*i - 19, 4*l + 4*i - 24 = 0. Let u(x) be the first derivative of 2*x**3/3 - 13*x**2/2 + 2*x + 16. What is the tens digit of u(l)?
4
Let t = 6651 + 14547. What is the tens digit of t?
9
Suppose -1017923 = -238*x - 190397. What is the tens digit of x?
7
Let z = 3967 + -3352. What is the tens digit of z?
1
Suppose -11*n - 12 = -34. Suppose -n*l + 5*l = 3*w + 2091, 0 = w + 5. What is the hundreds digit of l?
6
Let b = 28390 + 15842. What is the tens digit of b?
3
Let r(n) = n**3 - 8*n**2 - 12*n + 29. Let g be r(9). Suppose -2*y + b = -5 - 7, g*b = 0. Suppose -11*t + y*t = -1275. What is the tens digit of t?
5
Let y(n) = -5*n + 0 + 4*n**2 - 14 + 2*n**3 + n**2 + n - 3*n**2. What is the units digit of y(7)?
2
What is the thousands digit of (142744/3)/((-23)/(-24)) - 6/69?
9
Suppose 53*d = 52*d - 16. Let k = d + -45. Let w = -37 - k. What is the tens digit of w?
2
Let t(u) = -3*u**2 - 26*u + 67 - 13 + 4*u**2. Let m be t(24). What is the tens digit of (33/m - 4)*(-2 - -60)?
8
Let d be (-5 - 13/(-2))*2. Suppose d*b + 45 = 4*b. What is the units digit of b?
5
Let j be ((-160)/(-50))/(4/10). Suppose 2*p = -2 + j. Suppose p*i + 3*i = 678. What is the units digit of i?
3
Suppose -43*p = 24*p + p - 1013812. What is the units digit of p?
9
Let b(z) = -9*z**3 - 2*z**2 + 9*z - 9. Let o be b(-4). Suppose 3*j = j + l + 505, 2*j = 3*l + o. What is the hundreds digit of j?
2
What is the thousands digit of (518409/18)/(33/66)?
7
Let d(r) = -2*r - 14. Let o be d(-7). Suppose o*m - 2*m + 6 = 0, -t - 3*m = -14. Suppose -s + 65 = 5*f, t*s + f = 3*f + 406. What is the units digit of s?
0
Let z = 1351 - 2115. Let i = z - -1289. What is the hundreds digit of i?
5
What is the thousands digit of ((-102)/15)/((9/13635)/(-1))?
0
Let t(w) = -344*w + 2228. What is the tens digit of t(-15)?
8
Let f(m) = 17*m**2 + 119*m - 5. Let n be f(-7). What is the tens digit of ((-111)/(-2))/(714/(-144) - n)?
3
Let f = -6 - -39. Let c be -14 - -16 - 301/(-1). Suppose c + f = 4*l. What is the tens digit of l?
8
Let p(w) = -83*w - 26. Let s be p(-3). What is the hundreds digit of s - (39/3 + -8)?
2
Let g(q) = -q**3 + 9*q**2 - 14*q - 3. Let o be g(7). Let j(z) be the second derivative of z**4/12 - z**3/3 - 5*z**2 + z. What is the units digit of j(o)?
5
Suppose -a = -2*n - 3*n + 166, -304 = 2*a - 3*n. Suppose 2*g = 5*v - 87 + 721, -5*v - 632 = -g. Let j = v - a. What is the units digit of j?
0
Suppose 5*m - 7604 = -314. Suppose -5*o + 4*v = -m - 1456, -2*o = -4*v - 1156. What is the tens digit of o?
8
Suppose 5*n = 5*l - 15, 5*l - 13 = -0*n + 3*n. What is the thousands digit of (43955/(-30))/n + 2/(-12)?
1
Let w = -59 + 59. Suppose -2*c = -5*b - 59 - 86, w = 4*c + 3*b - 329. What is the units digit of c?
0
Let k be (-618)/5*(-1300)/39. Suppose -8*q - 2*q + k = 0. Let v = q - 252. What is the tens digit of v?
6
Suppose 11*b + 15*b - 14*b - 804432 = 0. What is the thousands digit of b?
7
Let g be 6/(-9) - (-1132)/6. Let a = 363 - 358. Suppose 0*d - 5*d = 2*b - g, 0 = d + a*b - 33. What is the tens digit of d?
3
What is the thousands digit of (-6*9784/(-48))/(-1)*-7?
8
What is the units digit of (-9*(-2)/(-3))/(75/(-135425))?
4
Suppose 18*l = 14*l + 12. Let p(v) = -32 + 7*v**2 + 2 - l*v - 1 - 1. What is the units digit of p(6)?
2
Suppose -y - 8 = 3*q + 9, 0 = -2*y - 3*q - 19. Suppose -2*o + 3*o = 3*c, 0 = -3*c + 5*o. What is the units digit of c + 2 + -9*(y + 0)?
0
Let u(c) = -c**3 + 8*c**2 - 8*c - 9. Let j be u(6). Suppose j = 3*z + 9. Suppose 70 - 208 = -z*t. What is the tens digit of t?
6
Let j = -13 + 17. Suppose j*l - 1706 = s, -4*s - 437 = -l - 9*s. Suppose 37 = 8*f - l. What is the units digit of f?
8
Suppose 3*g + 5*m - 203 = 0, -2*g + g + 2*m + 64 = 0. Let v = g + -65. What is the units digit of -1 + 2 + (64 - 0) + v?
6
Suppose 2*o = -13*o - 70440 + 504990. What is the ten thousands digit of o?
2
Let s = 88 + -86. Let n be (-1)/s - (-391)/34. Let i(m) = 7*m - 32. What is the units digit of i(n)?
5
Suppose 0 = -5*a + 5*s - 75, 3*s - 7*s + 45 = -3*a. What is the tens digit of a*((-286)/6 - 1)?
3
Let k = -1 + -45. Suppose -640 = 8*q - 13*q. Let m = k + q. What is the units digit of m?
2
What is the hundreds digit of ((-1)/8)